67*c + 2511. Calculate d(-16).
-161
Let c(k) = -8*k**3 + 3*k**2 + 13*k + 35. Give c(-3).
239
Let b(s) = 397*s - 6353. Give b(17).
396
Let q(f) = -72*f + 211. Calculate q(3).
-5
Let h(z) = z**2 - 490*z - 3492. Calculate h(-7).
-13
Let v(b) = b**2 + 18*b + 69. Calculate v(-5).
4
Let q(w) = -w**3 - 7*w**2 + 21*w + 117. Determine q(-4).
-15
Let i(p) = -p**3 + 9*p**2 - 5*p + 28. Calculate i(8).
52
Let c(h) = h**3 - 81*h**2 + 213*h + 1640. What is c(78)?
2
Let z(r) = -15*r - 88. Give z(-6).
2
Let i(o) = -21*o**2 + 51*o + 266. Calculate i(-7).
-1120
Let a(z) = -z**3 + 59*z**2 + 382*z + 149. What is a(65)?
-371
Let v(n) = 462*n - 16627. Calculate v(36).
5
Let w(u) = 1469*u + 52878. Calculate w(-36).
-6
Let a(u) = 2*u**2 - 65*u - 41. What is a(33)?
-8
Let q(f) = -55*f + 1462. Give q(27).
-23
Let n(t) = -4*t**2 - 91*t - 60. Calculate n(-22).
6
Let y(w) = 53*w + 921. Give y(-16).
73
Let d(s) = 4*s**3 - 36*s**2 + 53*s + 10. Calculate d(2).
4
Let w(r) = -r**2 - 235*r - 3067. Give w(-221).
27
Let j(d) = 2*d**3 + 23*d**2 + 15*d - 9. What is j(-10)?
141
Let n(a) = -993*a - 114191. What is n(-115)?
4
Let t(d) = -102*d - 1569. Give t(-15).
-39
Let u(k) = k**2 - 149*k - 2109. What is u(-13)?
-3
Let g(u) = u**2 + u - 12. Give g(4).
8
Let b(k) = 3*k**2 - 27*k + 47. What is b(6)?
-7
Let t(c) = 4*c**2 - 280*c - 36. Calculate t(0).
-36
Let d(f) = -116*f + 838. Calculate d(10).
-322
Let h(m) = -m**3 + 7*m**2 + 27*m - 25. Calculate h(7).
164
Let f(t) = 5*t - 355. What is f(72)?
5
Let t(k) = k**3 - 43*k**2 - 188*k + 31. What is t(47)?
31
Let q(a) = 2*a**3 - 14*a**2 - 14*a + 124. Give q(6).
-32
Let k(s) = 3*s + 143. Give k(-12).
107
Let c(a) = a**3 - 90*a**2 - 178*a - 472. Determine c(92).
80
Let c(f) = 294*f - 117. What is c(1)?
177
Let y(k) = 8*k**2 - 254*k + 96. Give y(31).
-90
Let j(o) = -31*o - 2823. Calculate j(-91).
-2
Let t(r) = -r**3 - 11*r**2 - 22*r - 12. Determine t(-3).
-18
Let z(c) = -6*c**3 + 4*c**2 + 14*c - 11. Give z(2).
-15
Let c(p) = p**3 + 78*p**2 + 160*p + 575. Give c(-76).
-33
Let x(t) = -157*t - 1307. Calculate x(-10).
263
Let o(y) = 25*y**2 + 724*y - 26. Give o(-29).
3
Let l(f) = 518*f**3 - 5*f**2 - 6*f + 5. Give l(1).
512
Let j(p) = -p**3 + 3*p**2 + 49*p - 36. Determine j(-6).
-6
Let v(h) = 25*h - 245. Give v(29).
480
Let s(y) = 82*y + 4666. Determine s(-57).
-8
Let t(m) = -4*m**2 - 123*m - 535. Determine t(-5).
-20
Let t(h) = -h**3 - 23*h**2 + 5*h + 75. Give t(-23).
-40
Let v(t) = -t**2 + 3*t + 4961. Calculate v(-69).
-7
Let w(z) = -z**3 + 9*z**2 - 12*z + 12. Calculate w(8).
-20
Let r(u) = u**2 + 19*u - 33. Give r(-19).
-33
Let o(l) = -l**3 - 42*l**2 + 140*l + 197. Determine o(-45).
-28
Let u(h) = h**2 - 30*h - 106. Determine u(33).
-7
Let j(h) = -3*h**3 - 64*h - 131. Calculate j(-2).
21
Let z(i) = 341*i - 3750. What is z(11)?
1
Let o(c) = -66*c - 468. Give o(-8).
60
Let g(v) = -4*v**3 + 5*v**2 - 22*v - 56. Calculate g(-2).
40
Let u(j) = -j**3 + 6*j**2 - 369*j + 1083. What is u(3)?
3
Let v(y) = 3*y**2 - 54*y + 2. Calculate v(18).
2
Let d(m) = 14*m**2 - 2*m + 32. What is d(-3)?
164
Let b(u) = 26*u - 196. What is b(8)?
12
Let n(h) = 11*h**3 - 505*h**2 - 46*h + 1. Give n(46).
1
Let g(i) = -8*i**3 - 57*i**2 - 5*i + 19. Give g(-7).
5
Let o(m) = m**2 - 1043*m - 53510. Determine o(-49).
-2
Let c(g) = g**3 - 11*g**2 - 14*g - 80. Determine c(13).
76
Let x(f) = -62*f + 109. Calculate x(3).
-77
Let w(m) = -2*m**3 - 50*m**2 - 49*m - 19. What is w(-24)?
5
Let k(u) = 9*u**3 - 18*u**2 - 5*u + 1. What is k(2)?
-9
Let x(h) = -h**3 + 6*h**2 - 15*h - 7. Calculate x(10).
-557
Let m(r) = -89*r + 761. Calculate m(8).
49
Let b(j) = 207*j + 5168. Give b(-25).
-7
Let s(j) = -156*j + 931. What is s(6)?
-5
Let b(t) = -18*t**2 + 36*t + 16. Calculate b(-2).
-128
Let j(o) = 148*o**2 + 52*o + 53. Give j(-1).
149
Let k(c) = 166*c - 1022. What is k(6)?
-26
Let r(a) = -21*a - 44. Determine r(1).
-65
Let c(k) = 3*k**2 + 23*k - 394. Give c(-16).
6
Let o(l) = 87*l - 2189. Calculate o(25).
-14
Let t(n) = 43*n + 303. Calculate t(-7).
2
Let b(c) = -26*c**2 + 1008*c + 122. Calculate b(39).
-112
Let f(k) = k**2 - 75*k - 202. Determine f(77).
-48
Let u(b) = -140*b + 5524. Determine u(39).
64
Let x(h) = -h**2 + 8*h - 86. What is x(7)?
-79
Let p(z) = 257*z + 385. Determine p(-2).
-129
Let w(m) = 356*m - 1435. Determine w(5).
345
Let y(q) = 4*q**2 - q - 288. Give y(9).
27
Let w(z) = 2*z**2 + 138*z + 279. Give w(-67).
11
Let p(w) = -1072*w + 83610. Calculate p(78).
-6
Let k(i) = 4*i**2 + 190*i + 1528. What is k(-10)?
28
Let n(s) = 2*s**2 + 43*s - 121. Calculate n(-25).
54
Let v(s) = -s**3 - 28*s**2 - 4*s - 90. What is v(-28)?
22
Let w(z) = -6*z - 90. Calculate w(-1).
-84
Let y(m) = 2*m**3 + 22*m**2 - 133*m + 431. Give y(-16).
-1
Let o(d) = 8822*d + 132334. Give o(-15).
4
Let m(h) = 2*h**2 + 69*h - 393. Give m(-39).
-42
Let p(t) = -30*t**2 - 163*t + 104. Determine p(-6).
2
Let x(p) = p**3 + 10*p**2 - 23*p - 121. Determine x(-11).
11
Let s(g) = -67*g**2 + 183*g - 7. Determine s(4).
-347
Let p(c) = -26*c + 87. Give p(4).
-17
Let j(n) = 38*n + 1028. Give j(-24).
116
Let l(n) = -1096*n + 1104. What is l(1)?
8
Let w(m) = -m**3 + 55*m**2 - 207*m + 148. What is w(51)?
-5
Let c(d) = 792*d + 5557. Calculate c(-7).
13
Let w(h) = -h**2 + 82*h - 959. Determine w(70).
-119
Let z(a) = -3*a**2 + 88*a + 454. Determine z(-6).
-182
Let h(d) = d**3 - 22*d**2 - d + 12. Calculate h(22).
-10
Let r(y) = -y**2 + 26*y + 174. Determine r(33).
-57
Let y(h) = h**2 + h + 24. Give y(0).
24
Let n(p) = p**3 + 20*p**2 - 30*p + 331. Determine n(-22).
23
Let b(t) = -214*t - 1194. Give b(-6).
90
Let d(o) = -o**3 - 14*o**2 + 163*o + 2244. Calculate d(-15).
24
Let y(v) = v**3 + 163*v**2 - 1740*v + 94. What is y(10)?
-6
Let l(q) = -2*q**3 + 5*q**2 - 12*q + 22. Determine l(4).
-74
Let a(i) = 2196*i - 32934. Determine a(15).
6
Let m(v) = -21*v**2 - 192*v - 59. What is m(-9)?
-32
Let o(d) = -d**3 + 8*d**2 + 139*d - 1057. Determine o(12).
35
Let g(s) = -s**2 - 147*s - 3336. Calculate g(-28).
-4
Let m(q) = 150*q - 5407. Calculate m(36).
-7
Let h(i) = -44*i + 447. What is h(9)?
51
Let a(h) = -4*h**2 - 122*h + 58. Calculate a(-31).
-4
Let u(y) = 83*y + 25650. Determine u(-309).
3
Let g(y) = -y**2 + 27*y + 57. Give g(26).
83
Let c(s) = s**2 + 19*s - 207. What is c(8)?
9
Let c(r) = 4479*r - 62710. What is c(14)?
-4
Let m(w) = -33*w**2 - 919*w + 1098. Calculate m(-29).
-4
Let y(h) = h**2 + 502*h - 2523. Determine y(5).
12
Let g(r) = r**2 - 286*r + 2492. What is g(9)?
-1
Let q(w) = -w**3 + 11*w**2 - 7*w + 35. Give q(10).
65
Let u(q) = 180*q - 1786. Determine u(10).
14
Let q(h) = h**3 + 40*h**2 + 21*h - 737. Determine q(-39).
-35
Let t(x) = -270*x + 1. Determine t(-1).
271
Let b(a) = -31*a**2 - 18*a - 2. Determine b(-2).
-90
Let j(x) = -681*x + 4779. Calculate j(7).
12
Let n(i) = -6*i**2 - 139*i - 35. Calculate n(-23).
-12
Let p(r) = 6*r**3 + 49*r**2 + 14*r + 43. Calculate p(-8).
-5
Let u(r) = 87*r - 129. Determine u(4).
219
Let a(f) = 21*f + 200. What is a(-18)?
-178
Let v(o) = -85*o - 3169. Give v(-37).
-24
Let x(n) = n**3 + 64*n**2 - 194*n + 225. Calculate x(-67).
-244
Let p(v) = 32*v - 14. Calculate p(2).
50
Let w(z) = -9*z**2 - 196*z + 66. Calculate w(-22).
22
Let z(m) = -3*m**2 + 34*m + 47. What is z(13)?
-18
Let x(v) = -v**3 - 7*v**2 - 8*v + 68. Determine x(3).
-46
Let i(r) = r**3 + 4*r + 9. Calculate i(-2).
-7
Let a(v) = 1014*v - 6143. Calculate a(6).
-59
Let h(r) = -27*r - 23. What is h(-1)?
4
Let c(j) = -2*j**3 - 517*j**2 - 521*j - 3. Give c(-1).
3
Let f(h) = -6*h**3 + h**2 - h - 2. Give f(-1).
6
Let b(v) = -122*v + 635. Give b(5).
25
Let v(n) = 2*n**3 - 39*n**2 - 43*n + 417. Give v(20).
-43
Let q(w) = w**3 + 4*w**2 - 22*w + 46. What is q(-8)?
-34
Let z(h) = h**2 - 101*h + 1369. Give z(85).
9
Let h(u) = u**2 - 18*u + 64. Calculate h(7).
-13
Let l(p) = -2*p**2 - 61*p + 2595. Determine l(24).
-21
Let k(f) = f**3 + 3*f**2 - 6*f - 6. Calculate k(-2).
10
Let w(q) = 17*q + 15. Determine w(2).
49
Let r(j) = j**3 + 200*j**2 + 5*j + 1017. Give r(-200).
17
Let p(k) = k**3 + 49*k**2 + 57. Calculate p(-49).
57
Let k(d) = -97*d - 2894. Calculate k(-29).
-81
Let r(c) = -386*c + 10429. What is r(27)?
7
Let l(o) = -o - 10. Give l(-7).
-3
Let n(j) = -6*j**2 + 388*j + 29. What is n(65)?
-101
Let i(u) = -17*u + 1174. Give i(69).
1
Let d(b) = 1239*